{"id":2518,"date":"2022-04-23T00:17:54","date_gmt":"2022-04-22T22:17:54","guid":{"rendered":"https:\/\/munterwegs.org\/unterwegs\/?page_id=2518"},"modified":"2024-02-05T15:01:16","modified_gmt":"2024-02-05T14:01:16","slug":"selvaggio-blu","status":"publish","type":"page","link":"https:\/\/munterwegs.org\/unterwegs\/?page_id=2518","title":{"rendered":"Selvaggio Blu"},"content":{"rendered":"\n<p class=\"has-drop-cap\"><a rel=\"noreferrer noopener\" href=\"https:\/\/en.wikipedia.org\/wiki\/Selvaggio_Blu_(Sardinia)\" data-type=\"URL\" data-id=\"https:\/\/en.wikipedia.org\/wiki\/Selvaggio_Blu_(Sardinia)\" target=\"_blank\">Wildes Blau<\/a> &#8212; welche Verheissung! Ich habe folgende vier Etappen begangen, wobei es sich teilweise um Varianten zum Originalverlauf handelt, die dem ganzen zus\u00e4tzliche W\u00fcrze verleihen. Das Ganze l\u00e4uft auch unter dem Namen &#8220;Vista Mare&#8221; oder &#8220;Selvaggio Blu Extreme&#8221;.<\/p>\n\n\n\n<ol class=\"wp-block-list\">\n<li>Von Santa Maria Navarrese via Piedra Longa auf dem Originalweg \u00fcber Portu Pedrosu zum Ovile Fenos Trainos.<\/li>\n\n\n\n<li>Von dort zur Cala Goloritz\u00e9 und auf einer Variante mit Klettersteig usw. dem Meer entlang \u00fcber Su Leddere und Ispuligidenie zur Cala Mariolu.<\/li>\n\n\n\n<li>Von dort erneut dem Meer entlang zur Punto Mudaloru und auf dem Originalweg zum Ovile Piddi.<\/li>\n\n\n\n<li>Von dort auf dem Originalweg zur Cala Sissine und weiter nach Cal Gonone.<\/li>\n<\/ol>\n\n\n\n<h2 class=\"wp-block-heading\">Berichte<\/h2>\n\n\n\n<div class=\"wp-block-query is-layout-constrained wp-block-query-is-layout-constrained\"><ul class=\"wp-block-post-template is-layout-flow wp-block-post-template-is-layout-flow\"><li class=\"wp-block-post post-2478 post type-post status-publish format-standard has-post-thumbnail hentry category-wildtrails tag-selvaggioblu\">\n<figure style=\"width:100%;height:200px;\" class=\"wp-block-post-featured-image\"><a href=\"https:\/\/munterwegs.org\/unterwegs\/?p=2478\" target=\"_self\"  style=\"height:200px\"><img loading=\"lazy\" decoding=\"async\" width=\"1600\" height=\"1200\" src=\"https:\/\/munterwegs.org\/unterwegs\/wp-content\/uploads\/2022\/04\/nggallery_import\/IMG_20220422_214521_DRO.jpg\" class=\"attachment-post-thumbnail size-post-thumbnail wp-post-image\" alt=\"2022-04-24 SBlu, Material\" style=\"height:200px;object-fit:cover;\" srcset=\"https:\/\/munterwegs.org\/unterwegs\/wp-content\/uploads\/2022\/04\/nggallery_import\/IMG_20220422_214521_DRO.jpg 1600w, https:\/\/munterwegs.org\/unterwegs\/wp-content\/uploads\/2022\/04\/nggallery_import\/IMG_20220422_214521_DRO-300x225.jpg 300w, https:\/\/munterwegs.org\/unterwegs\/wp-content\/uploads\/2022\/04\/nggallery_import\/IMG_20220422_214521_DRO-1024x768.jpg 1024w, https:\/\/munterwegs.org\/unterwegs\/wp-content\/uploads\/2022\/04\/nggallery_import\/IMG_20220422_214521_DRO-768x576.jpg 768w, https:\/\/munterwegs.org\/unterwegs\/wp-content\/uploads\/2022\/04\/nggallery_import\/IMG_20220422_214521_DRO-1536x1152.jpg 1536w\" sizes=\"auto, (max-width: 1600px) 100vw, 1600px\" \/><\/a><\/figure>\n\n\n<div class=\"wp-block-columns is-not-stacked-on-mobile is-layout-flex wp-container-core-columns-is-layout-1b75516c wp-block-columns-is-layout-flex\">\n<div class=\"wp-block-column is-layout-flow wp-block-column-is-layout-flow\"><h2 style=\"font-style:normal;font-weight:400; margin-top:0.2em;\" class=\"wp-block-post-title has-small-font-size has-system-font-font-family\"><a href=\"https:\/\/munterwegs.org\/unterwegs\/?p=2478\" target=\"_self\" >2022-04-24 SBlu, Material<\/a><\/h2><\/div>\n\n\n\n<div class=\"wp-block-column is-layout-flow wp-block-column-is-layout-flow\" style=\"flex-basis:4em\"><div style=\"font-style:italic;font-weight:400;\" class=\"has-text-align-right wp-block-post-date has-small-font-size\"><time datetime=\"2022-04-24T23:49:00+02:00\">04.24.22<\/time><\/div><\/div>\n<\/div>\n\n<\/li><li class=\"wp-block-post post-2611 post type-post status-publish format-standard has-post-thumbnail hentry category-wildtrails tag-sardinien tag-selvaggioblu\">\n<figure style=\"width:100%;height:200px;\" class=\"wp-block-post-featured-image\"><a href=\"https:\/\/munterwegs.org\/unterwegs\/?p=2611\" target=\"_self\"  style=\"height:200px\"><img loading=\"lazy\" decoding=\"async\" width=\"1600\" height=\"1200\" src=\"https:\/\/munterwegs.org\/unterwegs\/wp-content\/uploads\/2022\/05\/nggallery_import\/2-IMG_20220429_121519_DRO.jpg\" class=\"attachment-post-thumbnail size-post-thumbnail wp-post-image\" alt=\"2022-04-28 SBlu, Anreise\" style=\"height:200px;object-fit:cover;\" srcset=\"https:\/\/munterwegs.org\/unterwegs\/wp-content\/uploads\/2022\/05\/nggallery_import\/2-IMG_20220429_121519_DRO.jpg 1600w, https:\/\/munterwegs.org\/unterwegs\/wp-content\/uploads\/2022\/05\/nggallery_import\/2-IMG_20220429_121519_DRO-300x225.jpg 300w, https:\/\/munterwegs.org\/unterwegs\/wp-content\/uploads\/2022\/05\/nggallery_import\/2-IMG_20220429_121519_DRO-1024x768.jpg 1024w, https:\/\/munterwegs.org\/unterwegs\/wp-content\/uploads\/2022\/05\/nggallery_import\/2-IMG_20220429_121519_DRO-768x576.jpg 768w, https:\/\/munterwegs.org\/unterwegs\/wp-content\/uploads\/2022\/05\/nggallery_import\/2-IMG_20220429_121519_DRO-1536x1152.jpg 1536w\" sizes=\"auto, (max-width: 1600px) 100vw, 1600px\" \/><\/a><\/figure>\n\n\n<div class=\"wp-block-columns is-not-stacked-on-mobile is-layout-flex wp-container-core-columns-is-layout-1b75516c wp-block-columns-is-layout-flex\">\n<div class=\"wp-block-column is-layout-flow wp-block-column-is-layout-flow\"><h2 style=\"font-style:normal;font-weight:400; margin-top:0.2em;\" class=\"wp-block-post-title has-small-font-size has-system-font-font-family\"><a href=\"https:\/\/munterwegs.org\/unterwegs\/?p=2611\" target=\"_self\" >2022-04-28 SBlu, Anreise<\/a><\/h2><\/div>\n\n\n\n<div class=\"wp-block-column is-layout-flow wp-block-column-is-layout-flow\" style=\"flex-basis:4em\"><div style=\"font-style:italic;font-weight:400;\" class=\"has-text-align-right wp-block-post-date has-small-font-size\"><time datetime=\"2022-04-28T23:49:00+02:00\">04.28.22<\/time><\/div><\/div>\n<\/div>\n\n<\/li><li class=\"wp-block-post post-2653 post type-post status-publish format-standard has-post-thumbnail hentry category-wildtrails tag-sadrinien tag-selvaggioblu\">\n<figure style=\"width:100%;height:200px;\" class=\"wp-block-post-featured-image\"><a href=\"https:\/\/munterwegs.org\/unterwegs\/?p=2653\" target=\"_self\"  style=\"height:200px\"><img loading=\"lazy\" decoding=\"async\" width=\"1600\" height=\"1200\" src=\"https:\/\/munterwegs.org\/unterwegs\/wp-content\/uploads\/2022\/05\/nggallery_import\/IMG_20220430_063002_DRO.jpg\" class=\"attachment-post-thumbnail size-post-thumbnail wp-post-image\" alt=\"2022-04-30 SBlu-1\" style=\"height:200px;object-fit:cover;\" srcset=\"https:\/\/munterwegs.org\/unterwegs\/wp-content\/uploads\/2022\/05\/nggallery_import\/IMG_20220430_063002_DRO.jpg 1600w, https:\/\/munterwegs.org\/unterwegs\/wp-content\/uploads\/2022\/05\/nggallery_import\/IMG_20220430_063002_DRO-300x225.jpg 300w, https:\/\/munterwegs.org\/unterwegs\/wp-content\/uploads\/2022\/05\/nggallery_import\/IMG_20220430_063002_DRO-1024x768.jpg 1024w, https:\/\/munterwegs.org\/unterwegs\/wp-content\/uploads\/2022\/05\/nggallery_import\/IMG_20220430_063002_DRO-768x576.jpg 768w, https:\/\/munterwegs.org\/unterwegs\/wp-content\/uploads\/2022\/05\/nggallery_import\/IMG_20220430_063002_DRO-1536x1152.jpg 1536w\" sizes=\"auto, (max-width: 1600px) 100vw, 1600px\" \/><\/a><\/figure>\n\n\n<div class=\"wp-block-columns is-not-stacked-on-mobile is-layout-flex wp-container-core-columns-is-layout-1b75516c wp-block-columns-is-layout-flex\">\n<div class=\"wp-block-column is-layout-flow wp-block-column-is-layout-flow\"><h2 style=\"font-style:normal;font-weight:400; margin-top:0.2em;\" class=\"wp-block-post-title has-small-font-size has-system-font-font-family\"><a href=\"https:\/\/munterwegs.org\/unterwegs\/?p=2653\" target=\"_self\" >2022-04-30 SBlu-1<\/a><\/h2><\/div>\n\n\n\n<div class=\"wp-block-column is-layout-flow wp-block-column-is-layout-flow\" style=\"flex-basis:4em\"><div style=\"font-style:italic;font-weight:400;\" class=\"has-text-align-right wp-block-post-date has-small-font-size\"><time datetime=\"2022-04-30T23:49:00+02:00\">04.30.22<\/time><\/div><\/div>\n<\/div>\n\n<\/li><li class=\"wp-block-post post-2659 post type-post status-publish format-standard has-post-thumbnail hentry category-wildtrails tag-sardinien tag-selvaggioblu\">\n<figure style=\"width:100%;height:200px;\" class=\"wp-block-post-featured-image\"><a href=\"https:\/\/munterwegs.org\/unterwegs\/?p=2659\" target=\"_self\"  style=\"height:200px\"><img loading=\"lazy\" decoding=\"async\" width=\"1600\" height=\"1200\" src=\"https:\/\/munterwegs.org\/unterwegs\/wp-content\/uploads\/2022\/05\/nggallery_import\/IMG_20220501_162949_DRO.jpg\" class=\"attachment-post-thumbnail size-post-thumbnail wp-post-image\" alt=\"2022-05-01 SBlu-2\" style=\"height:200px;object-fit:cover;\" srcset=\"https:\/\/munterwegs.org\/unterwegs\/wp-content\/uploads\/2022\/05\/nggallery_import\/IMG_20220501_162949_DRO.jpg 1600w, https:\/\/munterwegs.org\/unterwegs\/wp-content\/uploads\/2022\/05\/nggallery_import\/IMG_20220501_162949_DRO-300x225.jpg 300w, https:\/\/munterwegs.org\/unterwegs\/wp-content\/uploads\/2022\/05\/nggallery_import\/IMG_20220501_162949_DRO-1024x768.jpg 1024w, https:\/\/munterwegs.org\/unterwegs\/wp-content\/uploads\/2022\/05\/nggallery_import\/IMG_20220501_162949_DRO-768x576.jpg 768w, https:\/\/munterwegs.org\/unterwegs\/wp-content\/uploads\/2022\/05\/nggallery_import\/IMG_20220501_162949_DRO-1536x1152.jpg 1536w\" sizes=\"auto, (max-width: 1600px) 100vw, 1600px\" \/><\/a><\/figure>\n\n\n<div class=\"wp-block-columns is-not-stacked-on-mobile is-layout-flex wp-container-core-columns-is-layout-1b75516c wp-block-columns-is-layout-flex\">\n<div class=\"wp-block-column is-layout-flow wp-block-column-is-layout-flow\"><h2 style=\"font-style:normal;font-weight:400; margin-top:0.2em;\" class=\"wp-block-post-title has-small-font-size has-system-font-font-family\"><a href=\"https:\/\/munterwegs.org\/unterwegs\/?p=2659\" target=\"_self\" >2022-05-01 SBlu-2<\/a><\/h2><\/div>\n\n\n\n<div class=\"wp-block-column is-layout-flow wp-block-column-is-layout-flow\" style=\"flex-basis:4em\"><div style=\"font-style:italic;font-weight:400;\" class=\"has-text-align-right wp-block-post-date has-small-font-size\"><time datetime=\"2022-05-01T23:49:00+02:00\">05.01.22<\/time><\/div><\/div>\n<\/div>\n\n<\/li><li class=\"wp-block-post post-2658 post type-post status-publish format-standard has-post-thumbnail hentry category-wildtrails tag-sardinien tag-selvaggioblu\">\n<figure style=\"width:100%;height:200px;\" class=\"wp-block-post-featured-image\"><a href=\"https:\/\/munterwegs.org\/unterwegs\/?p=2658\" target=\"_self\"  style=\"height:200px\"><img loading=\"lazy\" decoding=\"async\" width=\"1600\" height=\"1200\" src=\"https:\/\/munterwegs.org\/unterwegs\/wp-content\/uploads\/2022\/06\/nggallery_import\/IMG_20220502_182241_DRO.jpg\" class=\"attachment-post-thumbnail size-post-thumbnail wp-post-image\" alt=\"2022-05-02 SBlu-3\" style=\"height:200px;object-fit:cover;\" srcset=\"https:\/\/munterwegs.org\/unterwegs\/wp-content\/uploads\/2022\/06\/nggallery_import\/IMG_20220502_182241_DRO.jpg 1600w, https:\/\/munterwegs.org\/unterwegs\/wp-content\/uploads\/2022\/06\/nggallery_import\/IMG_20220502_182241_DRO-300x225.jpg 300w, https:\/\/munterwegs.org\/unterwegs\/wp-content\/uploads\/2022\/06\/nggallery_import\/IMG_20220502_182241_DRO-1024x768.jpg 1024w, https:\/\/munterwegs.org\/unterwegs\/wp-content\/uploads\/2022\/06\/nggallery_import\/IMG_20220502_182241_DRO-768x576.jpg 768w, https:\/\/munterwegs.org\/unterwegs\/wp-content\/uploads\/2022\/06\/nggallery_import\/IMG_20220502_182241_DRO-1536x1152.jpg 1536w\" sizes=\"auto, (max-width: 1600px) 100vw, 1600px\" \/><\/a><\/figure>\n\n\n<div class=\"wp-block-columns is-not-stacked-on-mobile is-layout-flex wp-container-core-columns-is-layout-1b75516c wp-block-columns-is-layout-flex\">\n<div class=\"wp-block-column is-layout-flow wp-block-column-is-layout-flow\"><h2 style=\"font-style:normal;font-weight:400; margin-top:0.2em;\" class=\"wp-block-post-title has-small-font-size has-system-font-font-family\"><a href=\"https:\/\/munterwegs.org\/unterwegs\/?p=2658\" target=\"_self\" >2022-05-02 SBlu-3<\/a><\/h2><\/div>\n\n\n\n<div class=\"wp-block-column is-layout-flow wp-block-column-is-layout-flow\" style=\"flex-basis:4em\"><div style=\"font-style:italic;font-weight:400;\" class=\"has-text-align-right wp-block-post-date has-small-font-size\"><time datetime=\"2022-05-02T23:49:00+02:00\">05.02.22<\/time><\/div><\/div>\n<\/div>\n\n<\/li><li class=\"wp-block-post post-2657 post type-post status-publish format-standard has-post-thumbnail hentry category-wildtrails tag-sardinien tag-selvaggioblu\">\n<figure style=\"width:100%;height:200px;\" class=\"wp-block-post-featured-image\"><a href=\"https:\/\/munterwegs.org\/unterwegs\/?p=2657\" target=\"_self\"  style=\"height:200px\"><img loading=\"lazy\" decoding=\"async\" width=\"1600\" height=\"1200\" src=\"https:\/\/munterwegs.org\/unterwegs\/wp-content\/uploads\/2022\/06\/nggallery_import\/IMG_20220503_130326_DRO.jpg\" class=\"attachment-post-thumbnail size-post-thumbnail wp-post-image\" alt=\"2022-05-03 SBlu-4\" style=\"height:200px;object-fit:cover;\" srcset=\"https:\/\/munterwegs.org\/unterwegs\/wp-content\/uploads\/2022\/06\/nggallery_import\/IMG_20220503_130326_DRO.jpg 1600w, https:\/\/munterwegs.org\/unterwegs\/wp-content\/uploads\/2022\/06\/nggallery_import\/IMG_20220503_130326_DRO-300x225.jpg 300w, https:\/\/munterwegs.org\/unterwegs\/wp-content\/uploads\/2022\/06\/nggallery_import\/IMG_20220503_130326_DRO-1024x768.jpg 1024w, https:\/\/munterwegs.org\/unterwegs\/wp-content\/uploads\/2022\/06\/nggallery_import\/IMG_20220503_130326_DRO-768x576.jpg 768w, https:\/\/munterwegs.org\/unterwegs\/wp-content\/uploads\/2022\/06\/nggallery_import\/IMG_20220503_130326_DRO-1536x1152.jpg 1536w\" sizes=\"auto, (max-width: 1600px) 100vw, 1600px\" \/><\/a><\/figure>\n\n\n<div class=\"wp-block-columns is-not-stacked-on-mobile is-layout-flex wp-container-core-columns-is-layout-1b75516c wp-block-columns-is-layout-flex\">\n<div class=\"wp-block-column is-layout-flow wp-block-column-is-layout-flow\"><h2 style=\"font-style:normal;font-weight:400; margin-top:0.2em;\" class=\"wp-block-post-title has-small-font-size has-system-font-font-family\"><a href=\"https:\/\/munterwegs.org\/unterwegs\/?p=2657\" target=\"_self\" >2022-05-03 SBlu-4<\/a><\/h2><\/div>\n\n\n\n<div class=\"wp-block-column is-layout-flow wp-block-column-is-layout-flow\" style=\"flex-basis:4em\"><div style=\"font-style:italic;font-weight:400;\" class=\"has-text-align-right wp-block-post-date has-small-font-size\"><time datetime=\"2022-05-03T23:49:00+02:00\">05.03.22<\/time><\/div><\/div>\n<\/div>\n\n<\/li><li class=\"wp-block-post post-2656 post type-post status-publish format-standard has-post-thumbnail hentry category-wildtrails tag-sardinien tag-selvaggioblu\">\n<figure style=\"width:100%;height:200px;\" class=\"wp-block-post-featured-image\"><a href=\"https:\/\/munterwegs.org\/unterwegs\/?p=2656\" target=\"_self\"  style=\"height:200px\"><img loading=\"lazy\" decoding=\"async\" width=\"1600\" height=\"1200\" src=\"https:\/\/munterwegs.org\/unterwegs\/wp-content\/uploads\/2022\/06\/nggallery_import\/IMG_20220505_055905_DRO.jpg\" class=\"attachment-post-thumbnail size-post-thumbnail wp-post-image\" alt=\"2022-05-04 SBlu, R\u00fcckschau\" style=\"height:200px;object-fit:cover;\" srcset=\"https:\/\/munterwegs.org\/unterwegs\/wp-content\/uploads\/2022\/06\/nggallery_import\/IMG_20220505_055905_DRO.jpg 1600w, https:\/\/munterwegs.org\/unterwegs\/wp-content\/uploads\/2022\/06\/nggallery_import\/IMG_20220505_055905_DRO-300x225.jpg 300w, https:\/\/munterwegs.org\/unterwegs\/wp-content\/uploads\/2022\/06\/nggallery_import\/IMG_20220505_055905_DRO-1024x768.jpg 1024w, https:\/\/munterwegs.org\/unterwegs\/wp-content\/uploads\/2022\/06\/nggallery_import\/IMG_20220505_055905_DRO-768x576.jpg 768w, https:\/\/munterwegs.org\/unterwegs\/wp-content\/uploads\/2022\/06\/nggallery_import\/IMG_20220505_055905_DRO-1536x1152.jpg 1536w\" sizes=\"auto, (max-width: 1600px) 100vw, 1600px\" \/><\/a><\/figure>\n\n\n<div class=\"wp-block-columns is-not-stacked-on-mobile is-layout-flex wp-container-core-columns-is-layout-1b75516c wp-block-columns-is-layout-flex\">\n<div class=\"wp-block-column is-layout-flow wp-block-column-is-layout-flow\"><h2 style=\"font-style:normal;font-weight:400; margin-top:0.2em;\" class=\"wp-block-post-title has-small-font-size has-system-font-font-family\"><a href=\"https:\/\/munterwegs.org\/unterwegs\/?p=2656\" target=\"_self\" >2022-05-04 SBlu, R\u00fcckschau<\/a><\/h2><\/div>\n\n\n\n<div class=\"wp-block-column is-layout-flow wp-block-column-is-layout-flow\" style=\"flex-basis:4em\"><div style=\"font-style:italic;font-weight:400;\" class=\"has-text-align-right wp-block-post-date has-small-font-size\"><time datetime=\"2022-05-05T23:49:00+02:00\">05.05.22<\/time><\/div><\/div>\n<\/div>\n\n<\/li><\/ul>\n\n\n<hr class=\"wp-block-separator has-css-opacity alignwide is-style-wide\"\/>\n\n\n<\/div>\n\n\n\n<div class=\"wp-block-query alignwide is-layout-constrained wp-block-query-is-layout-constrained\"><\/div>\n","protected":false},"excerpt":{"rendered":"<p class=\"has-drop-cap\">Was bleibt? Was macht der Selvaggio Blu mit einem? Und zu welchen tiefen Einsichten gelangt man in der sardischen Wildnis? \u2014 Grosse Fragen, kurze Antworten! <a rel=\"noreferrer noopener\" href=\"https:\/\/munterwegs.org\/unterwegs\/?p=2653\" data-type=\"post\" data-id=\"2653\" target=\"_blank\">Erste und wichtigste Erkenntnis<\/a>: Der Selvaggio Blu ist kein Trail, sondern ein grosses &#8212; nein, ein riesiges &#8212; Abenteuer einer eigen Art. (&hellip;)<\/p>","protected":false},"author":2,"featured_media":3344,"parent":0,"menu_order":0,"comment_status":"closed","ping_status":"closed","template":"","meta":{"ngg_post_thumbnail":1570,"footnotes":""},"class_list":["post-2518","page","type-page","status-publish","has-post-thumbnail","hentry"],"_links":{"self":[{"href":"https:\/\/munterwegs.org\/unterwegs\/index.php?rest_route=\/wp\/v2\/pages\/2518","targetHints":{"allow":["GET"]}}],"collection":[{"href":"https:\/\/munterwegs.org\/unterwegs\/index.php?rest_route=\/wp\/v2\/pages"}],"about":[{"href":"https:\/\/munterwegs.org\/unterwegs\/index.php?rest_route=\/wp\/v2\/types\/page"}],"author":[{"embeddable":true,"href":"https:\/\/munterwegs.org\/unterwegs\/index.php?rest_route=\/wp\/v2\/users\/2"}],"replies":[{"embeddable":true,"href":"https:\/\/munterwegs.org\/unterwegs\/index.php?rest_route=%2Fwp%2Fv2%2Fcomments&post=2518"}],"version-history":[{"count":24,"href":"https:\/\/munterwegs.org\/unterwegs\/index.php?rest_route=\/wp\/v2\/pages\/2518\/revisions"}],"predecessor-version":[{"id":6108,"href":"https:\/\/munterwegs.org\/unterwegs\/index.php?rest_route=\/wp\/v2\/pages\/2518\/revisions\/6108"}],"wp:featuredmedia":[{"embeddable":true,"href":"https:\/\/munterwegs.org\/unterwegs\/index.php?rest_route=\/wp\/v2\/media\/3344"}],"wp:attachment":[{"href":"https:\/\/munterwegs.org\/unterwegs\/index.php?rest_route=%2Fwp%2Fv2%2Fmedia&parent=2518"}],"curies":[{"name":"wp","href":"https:\/\/api.w.org\/{rel}","templated":true}]}}