{"id":6712,"date":"2024-02-28T17:53:55","date_gmt":"2024-02-28T16:53:55","guid":{"rendered":"https:\/\/munterwegs.org\/unterwegs\/?page_id=6712"},"modified":"2025-02-24T12:36:37","modified_gmt":"2025-02-24T11:36:37","slug":"wildtrails-100-1","status":"publish","type":"page","link":"https:\/\/munterwegs.org\/unterwegs\/?page_id=6712","title":{"rendered":"Tagebuch Wildtrails"},"content":{"rendered":"\n<p>Getreu dem Motto: &#8220;The older I am, the better I was.&#8221;<\/p>\n\n\n\n<div class=\"wp-block-query is-layout-flow wp-block-query-is-layout-flow\"><ul class=\"wp-block-post-template is-layout-constrained wp-block-post-template-is-layout-constrained\"><li class=\"wp-block-post post-7239 post type-post status-publish format-standard has-post-thumbnail hentry category-wildtrails tag-graubuenden tag-surselva\">\n<h2 class=\"wp-block-post-title has-medium-font-size\"><a href=\"https:\/\/munterwegs.org\/unterwegs\/?p=7239\" target=\"_self\" >2025-12-28+: Trail-Tage Sedrun<\/a><\/h2>\n<\/li><li class=\"wp-block-post post-6563 post type-post status-publish format-standard has-post-thumbnail hentry category-wildtrails tag-julische-alpen\">\n<h2 class=\"wp-block-post-title has-medium-font-size\"><a href=\"https:\/\/munterwegs.org\/unterwegs\/?p=6563\" target=\"_self\" >2023-10-04 Abstieg zum Bohinjsko-See<\/a><\/h2>\n<\/li><li class=\"wp-block-post post-6473 post type-post status-publish format-standard has-post-thumbnail hentry category-wildtrails tag-julische-alpen\">\n<h2 class=\"wp-block-post-title has-medium-font-size\"><a href=\"https:\/\/munterwegs.org\/unterwegs\/?p=6473\" target=\"_self\" >2023-10-03 Triglav, Kanjavec<\/a><\/h2>\n<\/li><li class=\"wp-block-post post-6465 post type-post status-publish format-standard has-post-thumbnail hentry category-wildtrails tag-julische-alpen\">\n<h2 class=\"wp-block-post-title has-medium-font-size\"><a href=\"https:\/\/munterwegs.org\/unterwegs\/?p=6465\" target=\"_self\" >2023-10-02 S\u030ckarlatica, Stenar<\/a><\/h2>\n<\/li><li class=\"wp-block-post post-6129 post type-post status-publish format-standard has-post-thumbnail hentry category-wildtrails tag-julische-alpen\">\n<h2 class=\"wp-block-post-title has-medium-font-size\"><a href=\"https:\/\/munterwegs.org\/unterwegs\/?p=6129\" target=\"_self\" >2023-10-01 Mojstrovka, Travnik, Razor<\/a><\/h2>\n<\/li><li class=\"wp-block-post post-6057 post type-post status-publish format-standard has-post-thumbnail hentry category-wildtrails tag-julische-alpen\">\n<h2 class=\"wp-block-post-title has-medium-font-size\"><a href=\"https:\/\/munterwegs.org\/unterwegs\/?p=6057\" target=\"_self\" >2023-09-30 Prisank<\/a><\/h2>\n<\/li><li class=\"wp-block-post post-5597 post type-post status-publish format-standard has-post-thumbnail hentry category-wildtrails tag-canigo tag-pyrenaeen\">\n<h2 class=\"wp-block-post-title has-medium-font-size\"><a href=\"https:\/\/munterwegs.org\/unterwegs\/?p=5597\" target=\"_self\" >2023-04-19 Canig\u00f3, Abstieg ins Vallespir<\/a><\/h2>\n<\/li><li class=\"wp-block-post post-5596 post type-post status-publish format-standard has-post-thumbnail hentry category-wildtrails tag-canigo tag-pyrenaeen\">\n<h2 class=\"wp-block-post-title has-medium-font-size\"><a href=\"https:\/\/munterwegs.org\/unterwegs\/?p=5596\" target=\"_self\" >2023-04-18 Canig\u00f3, S\/N-\u00dcberschreitung<\/a><\/h2>\n<\/li><li class=\"wp-block-post post-5595 post type-post status-publish format-standard has-post-thumbnail hentry category-wildtrails tag-canigo tag-pyrenaeen\">\n<h2 class=\"wp-block-post-title has-medium-font-size\"><a href=\"https:\/\/munterwegs.org\/unterwegs\/?p=5595\" target=\"_self\" >2023-04-17 Canig\u00f3, Zustieg aus dem Vallespir<\/a><\/h2>\n<\/li><li class=\"wp-block-post post-5359 post type-post status-publish format-standard has-post-thumbnail hentry category-wildtrails tag-tessin\">\n<h2 class=\"wp-block-post-title has-medium-font-size\"><a href=\"https:\/\/munterwegs.org\/unterwegs\/?p=5359\" target=\"_self\" >2023-02-17\/18 Via Alta Val Colla: Lugano &#8211; Bellinzona<\/a><\/h2>\n<\/li><li class=\"wp-block-post post-4067 post type-post status-publish format-standard has-post-thumbnail hentry category-wildtrails tag-bern tag-uw\">\n<h2 class=\"wp-block-post-title has-medium-font-size\"><a href=\"https:\/\/munterwegs.org\/unterwegs\/?p=4067\" target=\"_self\" >2022-10-30 Brienzergrat<\/a><\/h2>\n<\/li><li class=\"wp-block-post post-5264 post type-post status-publish format-standard has-post-thumbnail hentry category-wildtrails tag-gransasso tag-italien\">\n<h2 class=\"wp-block-post-title has-medium-font-size\"><a href=\"https:\/\/munterwegs.org\/unterwegs\/?p=5264\" target=\"_self\" >2022-10-21 Gran Sasso, Nachbetrachtungen<\/a><\/h2>\n<\/li><li class=\"wp-block-post post-5145 post type-post status-publish format-standard has-post-thumbnail hentry category-wildtrails tag-gransasso tag-italien\">\n<h2 class=\"wp-block-post-title has-medium-font-size\"><a href=\"https:\/\/munterwegs.org\/unterwegs\/?p=5145\" target=\"_self\" >2022-10-18 Cima Occidentale, Pizzo d&#8217;Intermesoli, Pizzo Cefalone<\/a><\/h2>\n<\/li><li class=\"wp-block-post post-4985 post type-post status-publish format-standard has-post-thumbnail hentry category-wildtrails tag-gransasso tag-italien\">\n<h2 class=\"wp-block-post-title has-medium-font-size\"><a href=\"https:\/\/munterwegs.org\/unterwegs\/?p=4985\" target=\"_self\" >2022-10-17 Corno Grande, Calderone Highway, Ostgipfel<\/a><\/h2>\n<\/li><li class=\"wp-block-post post-4691 post type-post status-publish format-standard has-post-thumbnail hentry category-wildtrails tag-gransasso tag-italien\">\n<h2 class=\"wp-block-post-title has-medium-font-size\"><a href=\"https:\/\/munterwegs.org\/unterwegs\/?p=4691\" target=\"_self\" >2022-10-16 Corno Grande Westgipfel, Corno Piccolo<\/a><\/h2>\n<\/li><li class=\"wp-block-post post-4606 post type-post status-publish format-standard has-post-thumbnail hentry category-wildtrails tag-gransasso tag-italien\">\n<h2 class=\"wp-block-post-title has-medium-font-size\"><a href=\"https:\/\/munterwegs.org\/unterwegs\/?p=4606\" target=\"_self\" >2022-10-15 Sentiero del Centenario<\/a><\/h2>\n<\/li><li class=\"wp-block-post post-4575 post type-post status-publish format-standard has-post-thumbnail hentry category-wildtrails tag-gransasso tag-italien\">\n<h2 class=\"wp-block-post-title has-medium-font-size\"><a href=\"https:\/\/munterwegs.org\/unterwegs\/?p=4575\" target=\"_self\" >2022-10-14 Campo Imperatore<\/a><\/h2>\n<\/li><li class=\"wp-block-post post-4428 post type-post status-publish format-standard has-post-thumbnail hentry category-wildtrails tag-elba\">\n<h2 class=\"wp-block-post-title has-medium-font-size\"><a href=\"https:\/\/munterwegs.org\/unterwegs\/?p=4428\" target=\"_self\" >2022-10-11 Elba Ost<\/a><\/h2>\n<\/li><li class=\"wp-block-post post-4476 post type-post status-publish format-standard has-post-thumbnail hentry category-wildtrails tag-elba\">\n<h2 class=\"wp-block-post-title has-medium-font-size\"><a href=\"https:\/\/munterwegs.org\/unterwegs\/?p=4476\" target=\"_self\" >2022-10-08 Elba Zentrum<\/a><\/h2>\n<\/li><li class=\"wp-block-post post-4486 post type-post status-publish format-standard has-post-thumbnail hentry category-wildtrails\">\n<h2 class=\"wp-block-post-title has-medium-font-size\"><a href=\"https:\/\/munterwegs.org\/unterwegs\/?p=4486\" target=\"_self\" >2022-10-06 Elba West<\/a><\/h2>\n<\/li><li class=\"wp-block-post post-3671 post type-post status-publish format-standard has-post-thumbnail hentry category-wildtrails tag-fontainebleau tag-frankreich\">\n<h2 class=\"wp-block-post-title has-medium-font-size\"><a href=\"https:\/\/munterwegs.org\/unterwegs\/?p=3671\" target=\"_self\" >2022-07-16 Les 25 Bosses<\/a><\/h2>\n<\/li><li class=\"wp-block-post post-3545 post type-post status-publish format-standard has-post-thumbnail hentry category-wildtrails tag-uw tag-ur\">\n<h2 class=\"wp-block-post-title has-medium-font-size\"><a href=\"https:\/\/munterwegs.org\/unterwegs\/?p=3545\" target=\"_self\" >2022-07-06 Schlossberg-\u00dcberschreitung<\/a><\/h2>\n<\/li><li class=\"wp-block-post post-3616 post type-post status-publish format-standard has-post-thumbnail hentry category-wildtrails tag-sz\">\n<h2 class=\"wp-block-post-title has-medium-font-size\"><a href=\"https:\/\/munterwegs.org\/unterwegs\/?p=3616\" target=\"_self\" >2022-07-02 Rigi Nordflanke<\/a><\/h2>\n<\/li><li class=\"wp-block-post post-3606 post type-post status-publish format-standard has-post-thumbnail hentry category-wildtrails tag-luzern\">\n<h2 class=\"wp-block-post-title has-medium-font-size\"><a href=\"https:\/\/munterwegs.org\/unterwegs\/?p=3606\" target=\"_self\" >2022-06-26 Napf (Sonnenaufgang)<\/a><\/h2>\n<\/li><li class=\"wp-block-post post-2656 post type-post status-publish format-standard has-post-thumbnail hentry category-wildtrails tag-sardinien tag-selvaggioblu\">\n<h2 class=\"wp-block-post-title has-medium-font-size\"><a href=\"https:\/\/munterwegs.org\/unterwegs\/?p=2656\" target=\"_self\" >2022-05-04 SBlu, R\u00fcckschau<\/a><\/h2>\n<\/li><li class=\"wp-block-post post-2657 post type-post status-publish format-standard has-post-thumbnail hentry category-wildtrails tag-sardinien tag-selvaggioblu\">\n<h2 class=\"wp-block-post-title has-medium-font-size\"><a href=\"https:\/\/munterwegs.org\/unterwegs\/?p=2657\" target=\"_self\" >2022-05-03 SBlu-4<\/a><\/h2>\n<\/li><li class=\"wp-block-post post-2658 post type-post status-publish format-standard has-post-thumbnail hentry category-wildtrails tag-sardinien tag-selvaggioblu\">\n<h2 class=\"wp-block-post-title has-medium-font-size\"><a href=\"https:\/\/munterwegs.org\/unterwegs\/?p=2658\" target=\"_self\" >2022-05-02 SBlu-3<\/a><\/h2>\n<\/li><li class=\"wp-block-post post-2659 post type-post status-publish format-standard has-post-thumbnail hentry category-wildtrails tag-sardinien tag-selvaggioblu\">\n<h2 class=\"wp-block-post-title has-medium-font-size\"><a href=\"https:\/\/munterwegs.org\/unterwegs\/?p=2659\" target=\"_self\" >2022-05-01 SBlu-2<\/a><\/h2>\n<\/li><li class=\"wp-block-post post-2653 post type-post status-publish format-standard has-post-thumbnail hentry category-wildtrails tag-sadrinien tag-selvaggioblu\">\n<h2 class=\"wp-block-post-title has-medium-font-size\"><a href=\"https:\/\/munterwegs.org\/unterwegs\/?p=2653\" target=\"_self\" >2022-04-30 SBlu-1<\/a><\/h2>\n<\/li><li class=\"wp-block-post post-2611 post type-post status-publish format-standard has-post-thumbnail hentry category-wildtrails tag-sardinien tag-selvaggioblu\">\n<h2 class=\"wp-block-post-title has-medium-font-size\"><a href=\"https:\/\/munterwegs.org\/unterwegs\/?p=2611\" target=\"_self\" >2022-04-28 SBlu, Anreise<\/a><\/h2>\n<\/li><li class=\"wp-block-post post-2478 post type-post status-publish format-standard has-post-thumbnail hentry category-wildtrails tag-selvaggioblu\">\n<h2 class=\"wp-block-post-title has-medium-font-size\"><a href=\"https:\/\/munterwegs.org\/unterwegs\/?p=2478\" target=\"_self\" >2022-04-24 SBlu, Material<\/a><\/h2>\n<\/li><li class=\"wp-block-post post-2304 post type-post status-publish format-standard has-post-thumbnail hentry category-wildtrails tag-tirol\">\n<h2 class=\"wp-block-post-title has-medium-font-size\"><a href=\"https:\/\/munterwegs.org\/unterwegs\/?p=2304\" target=\"_self\" >2022-04-16 N\u00f6rdliche Tannheimerrunde<\/a><\/h2>\n<\/li><li class=\"wp-block-post post-2212 post type-post status-publish format-standard has-post-thumbnail hentry category-wildtrails tag-luzern\">\n<h2 class=\"wp-block-post-title has-medium-font-size\"><a href=\"https:\/\/munterwegs.org\/unterwegs\/?p=2212\" target=\"_self\" >2022-04-11 Napffl\u00fce<\/a><\/h2>\n<\/li><li class=\"wp-block-post post-1303 post type-post status-publish format-standard has-post-thumbnail hentry category-wildtrails tag-gr-20 tag-korsika\">\n<h2 class=\"wp-block-post-title has-medium-font-size\"><a href=\"https:\/\/munterwegs.org\/unterwegs\/?p=1303\" target=\"_self\" >2021-10-23 GR-20 R\u00fcckblick<\/a><\/h2>\n<\/li><li class=\"wp-block-post post-1301 post type-post status-publish format-standard has-post-thumbnail hentry category-wildtrails tag-gr-20 tag-korsika\">\n<h2 class=\"wp-block-post-title has-medium-font-size\"><a href=\"https:\/\/munterwegs.org\/unterwegs\/?p=1301\" target=\"_self\" >2021-10-22 GR-20 R\u00fcckreise<\/a><\/h2>\n<\/li><li class=\"wp-block-post post-1297 post type-post status-publish format-standard has-post-thumbnail hentry category-wildtrails tag-gr-20 tag-korsika\">\n<h2 class=\"wp-block-post-title has-medium-font-size\"><a href=\"https:\/\/munterwegs.org\/unterwegs\/?p=1297\" target=\"_self\" >2021-10-21 GR-20.15v<\/a><\/h2>\n<\/li><li class=\"wp-block-post post-1291 post type-post status-publish format-standard has-post-thumbnail hentry category-wildtrails tag-gr-20 tag-korsika\">\n<h2 class=\"wp-block-post-title has-medium-font-size\"><a href=\"https:\/\/munterwegs.org\/unterwegs\/?p=1291\" target=\"_self\" >2021-10-21 GR-20.13\/14v<\/a><\/h2>\n<\/li><li class=\"wp-block-post post-1224 post type-post status-publish format-standard has-post-thumbnail hentry category-wildtrails tag-gr-20 tag-korsika\">\n<h2 class=\"wp-block-post-title has-medium-font-size\"><a href=\"https:\/\/munterwegs.org\/unterwegs\/?p=1224\" target=\"_self\" >2021-10-20 GR-20.12<\/a><\/h2>\n<\/li><li class=\"wp-block-post post-1181 post type-post status-publish format-standard has-post-thumbnail hentry category-wildtrails tag-gr-20 tag-korsika\">\n<h2 class=\"wp-block-post-title has-medium-font-size\"><a href=\"https:\/\/munterwegs.org\/unterwegs\/?p=1181\" target=\"_self\" >2021-10-20 GR-20.11<\/a><\/h2>\n<\/li><li class=\"wp-block-post post-1064 post type-post status-publish format-standard has-post-thumbnail hentry category-wildtrails tag-gr-20 tag-korsika\">\n<h2 class=\"wp-block-post-title has-medium-font-size\"><a href=\"https:\/\/munterwegs.org\/unterwegs\/?p=1064\" target=\"_self\" >2021-10-19 GR-20.10v<\/a><\/h2>\n<\/li><li class=\"wp-block-post post-1031 post type-post status-publish format-standard has-post-thumbnail hentry category-wildtrails tag-gr-20 tag-korsika\">\n<h2 class=\"wp-block-post-title has-medium-font-size\"><a href=\"https:\/\/munterwegs.org\/unterwegs\/?p=1031\" target=\"_self\" >2021-10-19 GR-20.9<\/a><\/h2>\n<\/li><li class=\"wp-block-post post-1025 post type-post status-publish format-standard has-post-thumbnail hentry category-wildtrails tag-gr-20 tag-korsika\">\n<h2 class=\"wp-block-post-title has-medium-font-size\"><a href=\"https:\/\/munterwegs.org\/unterwegs\/?p=1025\" target=\"_self\" >2021-10-19 GR-20.8v<\/a><\/h2>\n<\/li><li class=\"wp-block-post post-963 post type-post status-publish format-standard has-post-thumbnail hentry category-wildtrails tag-gr-20 tag-korsika\">\n<h2 class=\"wp-block-post-title has-medium-font-size\"><a href=\"https:\/\/munterwegs.org\/unterwegs\/?p=963\" target=\"_self\" >2021-10-18 GR-20.7<\/a><\/h2>\n<\/li><li class=\"wp-block-post post-886 post type-post status-publish format-standard has-post-thumbnail hentry category-wildtrails tag-gr-20 tag-korsika\">\n<h2 class=\"wp-block-post-title has-medium-font-size\"><a href=\"https:\/\/munterwegs.org\/unterwegs\/?p=886\" target=\"_self\" >2021-10-18 GR-20.6<\/a><\/h2>\n<\/li><li class=\"wp-block-post post-879 post type-post status-publish format-standard has-post-thumbnail hentry category-wildtrails tag-gr-20 tag-korsika\">\n<h2 class=\"wp-block-post-title has-medium-font-size\"><a href=\"https:\/\/munterwegs.org\/unterwegs\/?p=879\" target=\"_self\" >2021-10-17 GR-20.5<\/a><\/h2>\n<\/li><li class=\"wp-block-post post-773 post type-post status-publish format-standard has-post-thumbnail hentry category-wildtrails tag-gr-20 tag-korsika\">\n<h2 class=\"wp-block-post-title has-medium-font-size\"><a href=\"https:\/\/munterwegs.org\/unterwegs\/?p=773\" target=\"_self\" >2021-10-17 GR-20.4<\/a><\/h2>\n<\/li><li class=\"wp-block-post post-475 post type-post status-publish format-standard has-post-thumbnail hentry category-wildtrails tag-gr-20 tag-korsika\">\n<h2 class=\"wp-block-post-title has-medium-font-size\"><a href=\"https:\/\/munterwegs.org\/unterwegs\/?p=475\" target=\"_self\" >2021-10-16 GR-20.3<\/a><\/h2>\n<\/li><li class=\"wp-block-post post-353 post type-post status-publish format-standard has-post-thumbnail hentry category-wildtrails tag-gr-20 tag-korsika\">\n<h2 class=\"wp-block-post-title has-medium-font-size\"><a href=\"https:\/\/munterwegs.org\/unterwegs\/?p=353\" target=\"_self\" >2021-10-16 GR-20.2<\/a><\/h2>\n<\/li><li class=\"wp-block-post post-180 post type-post status-publish format-standard has-post-thumbnail hentry category-wildtrails tag-gr-20 tag-korsika\">\n<h2 class=\"wp-block-post-title has-medium-font-size\"><a href=\"https:\/\/munterwegs.org\/unterwegs\/?p=180\" target=\"_self\" >2021-10-16 GR-20.1<\/a><\/h2>\n<\/li><li class=\"wp-block-post post-1118 post type-post status-publish format-standard has-post-thumbnail hentry category-wildtrails tag-korsika tag-porto-ota\">\n<h2 class=\"wp-block-post-title has-medium-font-size\"><a href=\"https:\/\/munterwegs.org\/unterwegs\/?p=1118\" target=\"_self\" >2021-10-13 Monte Senino<\/a><\/h2>\n<\/li><li class=\"wp-block-post post-1111 post type-post status-publish format-standard has-post-thumbnail hentry category-wildtrails tag-korsika tag-porto-ota\">\n<h2 class=\"wp-block-post-title has-medium-font-size\"><a href=\"https:\/\/munterwegs.org\/unterwegs\/?p=1111\" target=\"_self\" >2021-10-11 Capu di Larata<\/a><\/h2>\n<\/li><li class=\"wp-block-post post-1102 post type-post status-publish format-standard has-post-thumbnail hentry category-wildtrails tag-korsika tag-porto-ota\">\n<h2 class=\"wp-block-post-title has-medium-font-size\"><a href=\"https:\/\/munterwegs.org\/unterwegs\/?p=1102\" target=\"_self\" >2021-10-06 Capu d&#8217;Ortu<\/a><\/h2>\n<\/li><li class=\"wp-block-post post-1085 post type-post status-publish format-standard has-post-thumbnail hentry category-wildtrails tag-korsika tag-porto-ota\">\n<h2 class=\"wp-block-post-title has-medium-font-size\"><a href=\"https:\/\/munterwegs.org\/unterwegs\/?p=1085\" target=\"_self\" >2021-10-04 Capu Rossu<\/a><\/h2>\n<\/li><li class=\"wp-block-post post-4321 post type-post status-publish format-standard has-post-thumbnail hentry category-wildtrails tag-tessin tag-vav\">\n<h2 class=\"wp-block-post-title has-medium-font-size\"><a href=\"https:\/\/munterwegs.org\/unterwegs\/?p=4321\" target=\"_self\" >2022-07-21 VAV-4<\/a><\/h2>\n<\/li><li class=\"wp-block-post post-4147 post type-post status-publish format-standard has-post-thumbnail hentry category-wildtrails tag-tessin tag-vav\">\n<h2 class=\"wp-block-post-title has-medium-font-size\"><a href=\"https:\/\/munterwegs.org\/unterwegs\/?p=4147\" target=\"_self\" >2021-07-20 VAV-3<\/a><\/h2>\n<\/li><li class=\"wp-block-post post-3870 post type-post status-publish format-standard has-post-thumbnail hentry category-wildtrails tag-tessin tag-vav\">\n<h2 class=\"wp-block-post-title has-medium-font-size\"><a href=\"https:\/\/munterwegs.org\/unterwegs\/?p=3870\" target=\"_self\" >2021-07-19 VAV-2<\/a><\/h2>\n<\/li><li class=\"wp-block-post post-3431 post type-post status-publish format-standard has-post-thumbnail hentry category-wildtrails tag-tessin tag-vav\">\n<h2 class=\"wp-block-post-title has-medium-font-size\"><a href=\"https:\/\/munterwegs.org\/unterwegs\/?p=3431\" target=\"_self\" >2021-07-18 VAV-1<\/a><\/h2>\n<\/li><li class=\"wp-block-post post-4390 post type-post status-publish format-standard has-post-thumbnail hentry category-wildtrails tag-tessin tag-vav\">\n<h2 class=\"wp-block-post-title has-medium-font-size\"><a href=\"https:\/\/munterwegs.org\/unterwegs\/?p=4390\" target=\"_self\" >2020-11-27\/28 VAV (v2)<\/a><\/h2>\n<\/li><li class=\"wp-block-post post-4368 post type-post status-publish format-standard has-post-thumbnail hentry category-wildtrails tag-tessin tag-vav\">\n<h2 class=\"wp-block-post-title has-medium-font-size\"><a href=\"https:\/\/munterwegs.org\/unterwegs\/?p=4368\" target=\"_self\" >2020-11-21 VAV (v1)<\/a><\/h2>\n<\/li><li class=\"wp-block-post post-6736 post type-post status-publish format-standard has-post-thumbnail hentry category-wildtrails tag-ur\">\n<h2 class=\"wp-block-post-title has-medium-font-size\"><a href=\"https:\/\/munterwegs.org\/unterwegs\/?p=6736\" target=\"_self\" >2020-09-15 Sch\u00e4chentaler Windg\u00e4llen \u00dcberschreitung<\/a><\/h2>\n<\/li><li class=\"wp-block-post post-6680 post type-post status-publish format-standard has-post-thumbnail hentry category-wildtrails tag-luzern tag-uw\">\n<h2 class=\"wp-block-post-title has-medium-font-size\"><a href=\"https:\/\/munterwegs.org\/unterwegs\/?p=6680\" target=\"_self\" >2020-11-07 Pilatuskette<\/a><\/h2>\n<\/li><li class=\"wp-block-post post-6677 post type-post status-publish format-standard has-post-thumbnail hentry category-wildtrails tag-ur\">\n<h2 class=\"wp-block-post-title has-medium-font-size\"><a href=\"https:\/\/munterwegs.org\/unterwegs\/?p=6677\" target=\"_self\" >2020-08-23 Rophaienkette<\/a><\/h2>\n<\/li><\/ul>\n\n\n\n<\/div>\n","protected":false},"excerpt":{"rendered":"<p class=\"has-drop-cap\">Winterstart stelle ich mir eigentlich anders vor, als auf Kunstschnee rumzurutschen. F\u00fcr Skitouren reicht es jedoch beim besten Willen nicht. Nur dank des Weihnachtsgeschenks von einem h\u00fcbschen Sch\u00e4umchen Neuschnee sieht es rundherum nicht mehr nach November aus. (&hellip;)<\/p>","protected":false},"author":2,"featured_media":0,"parent":0,"menu_order":0,"comment_status":"closed","ping_status":"closed","template":"","meta":{"ngg_post_thumbnail":0,"footnotes":""},"class_list":["post-6712","page","type-page","status-publish","hentry"],"_links":{"self":[{"href":"https:\/\/munterwegs.org\/unterwegs\/index.php?rest_route=\/wp\/v2\/pages\/6712","targetHints":{"allow":["GET"]}}],"collection":[{"href":"https:\/\/munterwegs.org\/unterwegs\/index.php?rest_route=\/wp\/v2\/pages"}],"about":[{"href":"https:\/\/munterwegs.org\/unterwegs\/index.php?rest_route=\/wp\/v2\/types\/page"}],"author":[{"embeddable":true,"href":"https:\/\/munterwegs.org\/unterwegs\/index.php?rest_route=\/wp\/v2\/users\/2"}],"replies":[{"embeddable":true,"href":"https:\/\/munterwegs.org\/unterwegs\/index.php?rest_route=%2Fwp%2Fv2%2Fcomments&post=6712"}],"version-history":[{"count":12,"href":"https:\/\/munterwegs.org\/unterwegs\/index.php?rest_route=\/wp\/v2\/pages\/6712\/revisions"}],"predecessor-version":[{"id":7051,"href":"https:\/\/munterwegs.org\/unterwegs\/index.php?rest_route=\/wp\/v2\/pages\/6712\/revisions\/7051"}],"wp:attachment":[{"href":"https:\/\/munterwegs.org\/unterwegs\/index.php?rest_route=%2Fwp%2Fv2%2Fmedia&parent=6712"}],"curies":[{"name":"wp","href":"https:\/\/api.w.org\/{rel}","templated":true}]}}